12102202221122?
1012102202221022
In base 3, what is -1002010 - -1020112220100?
1020111211020
In base 7, what is 1615 + -3012611?
-3010663
In base 11, what is 3 + -83196746?
-83196743
In base 2, what is -1111100001 - 1000010000011111?
-1000100000000000
In base 9, what is -4508 - -562?
-3836
In base 13, what is 89a0 + -93?
890a
In base 12, what is -94 + -8013a?
-80212
In base 14, what is 983664bb + -4?
983664b7
In base 9, what is 734110 - -12?
734122
In base 3, what is -102212100012 + 112002?
-102211211010
In base 13, what is -10786b - 44?
-1078b2
In base 3, what is 110211120121102 - -10?
110211120121112
In base 11, what is 20 - -34606a?
34608a
In base 10, what is 26726754 + -10?
26726744
In base 7, what is -212001 + 104?
-211564
In base 12, what is 852 - -2b57?
37a9
In base 3, what is -2 - -1200221112?
1200221110
In base 9, what is -88 + -803650?
-803748
In base 7, what is 1615 + -14615?
-13000
In base 4, what is -20 - -1121201331001?
1121201330321
In base 7, what is -4 + 21404300?
21404263
In base 13, what is -3 - 2a8c62b?
-2a8c631
In base 3, what is -12 + -110200001112210?
-110200001112222
In base 12, what is 4 + -104799ab?
-104799a7
In base 5, what is 32 - 11011110412?
-11011110330
In base 10, what is -24285 - 758?
-25043
In base 6, what is 203 - 312510?
-312303
In base 14, what is 1043 - 5ab5b?
-59b18
In base 10, what is 13100781 + -2?
13100779
In base 2, what is 10111101011001 + 101110100010111?
1000110001110000
In base 11, what is 79610 - 22?
79599
In base 4, what is 110 - 213321210331?
-213321210221
In base 12, what is -20286980 - 4?
-20286984
In base 10, what is 3778519 + 97?
3778616
In base 15, what is -1 - be03ea?
-be03eb
In base 2, what is -10010001 + 101000000111110?
100111110101101
In base 9, what is 5 - -20446006?
20446012
In base 8, what is -254224012 + 3?
-254224007
In base 5, what is 14421133 - -1324?
14423012
In base 11, what is 2 - 46a010?
-46a009
In base 14, what is 2297d + -7?
22976
In base 16, what is 73 + -ec9d?
-ec2a
In base 8, what is 300536364 - -5?
300536371
In base 5, what is 113422 + 14011?
132433
In base 15, what is 2 - -85bd896?
85bd898
In base 5, what is -21330 + 440433?
414103
In base 5, what is -221324 + 123113?
-43211
In base 15, what is 339 + -6bb1?
-6877
In base 16, what is -351 + 18000?
17caf
In base 10, what is 35101 + -62?
35039
In base 11, what is 1592a + 2200?
1802a
In base 5, what is 304322401 + -3441?
304313410
In base 15, what is 3e0d + -376a?
693
In base 15, what is 3e85 - 3657?
82d
In base 6, what is -21 - 11344053304?
-11344053325
In base 7, what is 51650021 - 214?
51646504
In base 12, what is -77 + 107aa?
10733
In base 5, what is 223421324 - -1241?
223423120
In base 2, what is 11101110010 + -10010100111111000110?
-10010100100001010100
In base 9, what is -5 - -117707676?
117707671
In base 14, what is d70c + -902?
cc0a
In base 4, what is -1311323312103 + -11?
-1311323312120
In base 11, what is -6aa + -10513?
-11112
In base 3, what is -101102112202012 + 22?
-101102112201220
In base 2, what is -1000110100001011110110 + -101?
-1000110100001011111011
In base 10, what is -303027 - 70?
-303097
In base 11, what is -77a67 + -13?
-77a7a
In base 10, what is -17552778 + 2?
-17552776
In base 2, what is -10 - 10110011001111111010011000?
-10110011001111111010011010
In base 14, what is -1b + -3c32?
-3c4d
In base 5, what is -4403032 - -134?
-4402343
In base 13, what is -3b2c8c9 - 11?
-3b2c90a
In base 6, what is -213351231 + 5?
-213351222
In base 10, what is -10 - 2204696?
-2204706
In base 3, what is 110 + -2101121021211?
-2101121021101
In base 7, what is -14 - 142133043?
-142133060
In base 12, what is -24058703 - -1?
-24058702
In base 14, what is 29d + 5752?
5a11
In base 3, what is 2 + 20112110122?
20112110201
In base 11, what is -159198226 + -2?
-159198228
In base 6, what is -20400 + 51314?
30514
In base 13, what is -318a9065 + 2?
-318a9063
In base 9, what is -11721 - -2864?
-7746
In base 9, what is -27776 + 11275?
-16501
In base 4, what is -2 - 1030302201?
-1030302203
In base 2, what is -1001101110 - -111100101111100?
111011100001110
In base 11, what is 0 - 35666522?
-35666522
In base 16, what is 161e6a + 71?
161edb
In base 6, what is -11 + 53344355?
53344344
In base 9, what is 1144 - -24780?
26034
In base 3, what is -2011 + -220210221111211?
-220210221120222
In base 8, what is -4 + -120605142?
-120605146
In base 7, what is 24023 + 4004?
31030
In base 8, what is 1773656 - -10?
1773666
In base 3, what is -1000222021 - -122121000?
-101101021
In base 4, what is 303020 - 12021?
230333
In base 15, what is -13 + -54e9674?
-54e9687
In base 11, what is -4a458 + -3331?
-52789
In base 2, what is 100100010010010 + -1010001111?
100011000000011
In base 10, what is -1471 + 401075?
399604
In base 16, what is -197e + 391?
-15ed
In base 10, what is -174092 + 13?
-174079
In base 7, what is -3452044432 - -4?
-3452044425
In base 11, what is 10 - -1a588183?
1a588193
In base 7, what is -11 - -4652653?
4652642
In base 2, what is 100010110010110000111100001111 + -11?
100010110010110000111100001100
In base 3, what is -211000021011 - -1021?
-211000012220
In base 4, what is -11130300232202 - 10?
-11130300232212
In base 15, what is -445ea - 370?
-4496a
In base 2, what is 111101001 - 10001001100001000101?
-10001001011001011100
In base 12, what is -606388 - b?
-606397
In base 2, what is 11110101011001011 - 100111001?
11110100110010010
In base 10, what is 181883802 + -5?
181883797
In base 13, what is 3 + -4ab5205?
-4ab5202
In base 10, what is 3758 + 201?
3959
In base 15, what is 3 - 11c77d?
-11c77a
In base 6, what is -5 - 11415352?
-11415401
In base 16, what is -7650 - -5ff?
-7051
In base 14, what is -3b01ab + -2?
-3b01ad
In base 12, what is -16b907a - 7?
-16b9085
In base 5, what is -113203 - -4034143?
3420440
In base 5, what is 14133234 + 12144?
14200433
In base 12, what is -1a00ba7 - 5?
-1a00bb0
In base 9, what is -4274526 - -6?
-4274520
In base 2, what is -101 + 101000111000001101?
101000111000001000
In base 15, what is 4 - -11e0dd5?
11e0dd9
In base 7, what is -112121021 + -25?
-112121046
In base 12, what is -5 - -528a03?
5289ba
In base 14, what is -6690170 + -1?
-6690171
In base 12, what is -a5 + -a9b10?
-a9bb5
In base 15, what is 53 - -999adc?
999b40
In base 9, what is -11525 + 1273?
-10242
In base 9, what is -2836546 - -3?
-2836543
In base 7, what is 2165533 + -12?
2165521
In base 16, what is -d + 6d22?
6d15
In base 4, what is 213102203102 + 13?
213102203121
In base 9, what is 1450 + -177361?
-175811
In base 4, what is 213003030 + 230?
213003320
In base 6, what is 205 - -1544321?
1544530
In base 11, what is 635938 + 11?
635949
In base 16, what is -3 - 1df84?
-1df87
In base 13, what is 52517 + 19?
52533
In base 11, what is -43502a - -30?
-434aaa
In base 13, what is 4 - 1228459?
-1228455
In base 8, what is -6 + -3452450?
-3452456
In base 11, what is 2 + -110662000?
-110661aa9
In base 13, what is 11 - -3a93641?
3a93652
In base 9, what is -26 - 553278?
-553315
In base 12, what is -123b19 - -26?
-123ab3
In base 11, what is -11968 - -355?
-11613
In base 4, what is -1123133230 - -30?
-1123133200
In base 5, what is -2112 + -42132321?
-42134433
In base 13, what is 918 + -11b39?
-11221
In base 15, what is 1455 + -5823?
-43bd
In base 11, what is 1a - -2a37997?
2a37a06
In base 4, what is -231 - -201320233233?
201320233002
In base 8, what is 51 + -422636?
-422565
In base 7, what is -5463105 - -344?
-5462431
In base 12, what is -718 + -1448a1?
-1453b9
In base 15, what is 119ee458 - -5?
119ee45d
In base 9, what is -78343857 + 5?
-78343852
In base 15, what is -bee8b2 + 1?
-bee8b1
In base 4, what is 2310023 + -3120?
2300303
In base 3, what is 202122211012222 + 22?
202122211020021
In base 16, what is 2 + 57d2a3?
57d2a5
In base 10, what is 6893 + -2674?
4219
In base 8, what is 7432134 + -10?
7432124
In base 11, what is 36187 - -1270?
37447
In base 16, what is 15d9 - 5b0b?
-4532
In base 14, what is -1a10 + 2579?
969
In base 5, what is -2101240430 - -4?
-2101240421
In base 5, what is -2110414 + -12010?
-2122424
In base 7, what is -4 + -136635114?
-136635121
In base 9, what is 45 + -53281?
-53235
In base 5, what is -23000 + 114002?
41002
In base 12, what is -190b3380 + 0?
-190b3380
In base 8, what is -10 - -3137635?
3137625
In base 4, what is 1303313 + 